5) composite?
False
Let f(s) = 803*s + 57. Let y be f(-15). Let l = y - -20837. Is l a composite number?
False
Suppose 0 = 5*j + 3*c + 13809, -j - 2971 = -c - 214. Let n = -1848 - 115. Let t = n - j. Is t composite?
False
Suppose -12*r + 9*r + 584553 = 5*s, -2*r = -4*s - 389746. Is r prime?
True
Let r be ((-3)/6)/(403123/(-134372) + 3). Suppose 0 = o - 3*t - 10018, -4*t + 29664 = 2*o + r. Is o composite?
True
Let d be 100308796/84 - (-2)/(-6). Is (d/20)/(4/10)*1 prime?
True
Suppose 24 = g + 3*g - 2*l, -4*l = 2*g - 2. Suppose -g*y + 10*y = 55. Suppose -6*s + y*s = 7795. Is s a composite number?
False
Let g be -2 - (-21276)/(-6)*1/(-2). Suppose 1038 = -b - c, -g = 2*b - 5*c + 291. Let l = 1650 + b. Is l a composite number?
True
Suppose q = 5*n + 6*q - 600, 5*q = -n + 124. Suppose 0 = -3*w + 2*m + 527 - n, 5*m = 0. Suppose 4*a = w + 2428. Is a prime?
True
Suppose 0 = -182*v + 189*v. Suppose y + 2*y - o - 3234 = v, -3*y = -4*o - 3243. Is y a composite number?
True
Let c = -118 + 120. Let h be c - (5 - 3210) - 5. Suppose h = 5*w - 4*g - 1187, 2*w = -4*g + 1750. Is w composite?
False
Suppose -3*z + 5*k = -61, 4*z + 0*k - k = 87. Let y = z + -20. Suppose -4*b - 630 = -2*t, 3*t - t - 642 = -y*b. Is t prime?
False
Suppose -3*y - 8 = -17. Suppose 9*w - y*w - 828 = 0. Let v = 85 + w. Is v a prime number?
True
Let k(a) = -a**3 + 18*a**2 - 20*a + 18. Let h be k(14). Let o = h + 389. Is o prime?
True
Let c(u) = 14*u + 4. Let w be c(2). Suppose 0 = -7*j + w + 31. Suppose j*k - 6782 = 3127. Is k a composite number?
True
Suppose 2*d + 130 = -s, s = -3*s - 2*d - 550. Is 20/(-8)*7/(s/5384) a prime number?
True
Let h = 32 - 30. Suppose 2*p = -0*o + h*o + 2, p - 2*o = 0. Is 1006/4 + p/(-4) prime?
True
Suppose -2*g - 20 = -3*q - 0*q, -q - 4*g = -2. Is 581 - q*1/(-1) prime?
True
Suppose -2*s + 0*i = i - 1834, -1824 = -2*s + 4*i. Suppose 2*x - x - 3*j + 530 = 0, 2*x = j - 1085. Let n = x + s. Is n a composite number?
True
Let q = -3 + 7. Suppose -7156 = -q*b - 4*s, 3*s = 12*b - 11*b - 1805. Is b prime?
False
Suppose 28*p - 5519436 + 259328 = 0. Is p prime?
True
Suppose -3*j + 17 = c - 3*c, -2*c - 2 = 0. Suppose 5*s + 9525 - 37450 = -2*r, -j*r = -4*s + 22340. Is s composite?
True
Suppose -4*m + 831273 = 5*o, -12*m = -15*m + 21. Is o a composite number?
True
Suppose -42*p = 177*p - 74582421. Is p a prime number?
True
Is (-10074552)/(-621) - (4/36 - 0) composite?
False
Let i = -69272 - -207467. Let n = -77642 + i. Suppose n = 9*q - 5534. Is q a composite number?
True
Let f = -165 - -309. Let j = f - -26. Suppose 101*n = 96*n + j. Is n composite?
True
Let w(o) = -100*o**3 - o**2 + 9*o + 7. Suppose -36 = 18*c + 54. Is w(c) prime?
True
Suppose -575*y + 577*y - 3*u - 54586 = 0, -4*u = -4*y + 109180. Is y a composite number?
False
Let h(n) be the second derivative of n**5/20 + 4*n**4/3 - n**3/2 + 11*n**2/2 + 246*n. Is h(12) a composite number?
False
Let g(d) = 22*d - 78. Let m be g(5). Is (-8)/m*0 + 8123 composite?
False
Let j(m) = 9*m**2 - 62*m - 42. Is j(-5) a prime number?
False
Is (-4)/2*-3*(-1 - (-76455)/10) prime?
False
Is 52/(-65) - 524538/(-10) prime?
True
Suppose -52 + 30 = 11*p. Is (-3 + 1)/p + (-1 - -4939) composite?
True
Suppose 3*s + 29139 - 164988 = 2*b, 90559 = 2*s + b. Is s composite?
False
Let k = -114 - -111. Is -1 + 1 + 10974 + (k - -8) composite?
False
Suppose -102*v + 830961 + 1214445 = 0. Is v composite?
True
Let j be (-331)/(192/(-27) + 7). Let l = j + -1902. Is l a composite number?
True
Let w(k) = k**3 - 13*k**2 - 28*k - 26. Let x be w(15). Suppose -2*u - 2*o = -1962, -x*o - 408 - 593 = -u. Is u a composite number?
True
Let d = 156 + -1521. Suppose 908 = -3*q + 5*k, 2*q + k + 292 = q. Let w = q - d. Is w a composite number?
False
Is (378/(-28) - -14)/((-2)/(-52588)) composite?
False
Let s = -3034 - 6937. Let u = -6700 - s. Is u a composite number?
False
Let n(x) = x**2 - 15*x + 6. Let z be n(14). Let h(c) = 7*c**2 + 23*c + 12. Let w be h(z). Suppose 696 = 5*y + 3*i, -w = -2*y - 4*i - 6. Is y a composite number?
True
Suppose 0 = -z - 1 + 6. Suppose -z*p + 3*x = 28049, 3*p + 4*x = 2*p - 5596. Is (p/(-2))/4 - 0 a composite number?
False
Suppose 2 = -2*n, 2*s + 48 = n + 295. Let t(l) = 11*l - 21. Let d be t(-5). Let p = s - d. Is p composite?
False
Let p(f) = 520*f**3 + 4*f**2 + 11*f - 74. Is p(5) a composite number?
True
Let t(u) = 305*u + 4. Let p be (-4 - 0 - -2)*-8. Suppose -9*w = -p - 11. Is t(w) a prime number?
True
Suppose -5906 = -14*f + 5756. Suppose 0 = -2*v + 3*w + f, -4*w = 5*v - 931 - 1094. Is v a prime number?
True
Let r(x) = x**3 - 5*x**2 + 2*x + 3989. Let y(a) = -a - 2. Let o be y(-2). Is r(o) a composite number?
False
Let g(h) = 27877*h + 1143. Is g(20) a composite number?
False
Let l(a) = 289*a**3 - 7*a**2 + 11*a - 66. Suppose -22*b + 19 = -19*b + h, 0 = 2*b - 2*h - 18. Is l(b) a prime number?
False
Suppose -18 = f - 24. Suppose -s = -f*s + 25. Suppose -3*o = -2*b - 1007, -5*b - 517 = -s*o + 1158. Is o prime?
True
Let t = -94 + 99. Is (t + -3)*(-3180)/(-24) composite?
True
Let i(g) = -20*g**3 - g**2 - g - 4. Let u(t) = -3*t + 16. Let h be u(6). Let d be i(h). Suppose -2*n = -n - p - 129, -n - 4*p + d = 0. Is n prime?
False
Let q(x) = -x**3 + 9*x**2 + 26*x - 11. Let d be q(11). Let f be 6/d + (-22512)/33. Is 1*(-4 + (1 - f)) composite?
True
Let f(c) = -52*c**3 - 3*c**2 - 5*c - 2. Let z be f(-5). Let i = z + 355. Is i a composite number?
False
Let a(g) = -81*g - 152. Suppose 0 = 3*n - 2*b + 85, -b - 71 = -67. Is a(n) composite?
True
Suppose -8*c + 5250 = 6*c. Let q = c + 178. Suppose 2981 = 6*h - q. Is h composite?
True
Let b(s) = 658*s**2 + 11*s + 91. Let o be b(-8). Suppose o - 9778 = 9*k. Is k composite?
False
Let d be ((-1)/(-4))/((-1)/(-44)). Suppose 0 = 4*w + 3*a - 9, -4*w = -w - 2*a - d. Is w - (-11628)/66 - 4/22 a prime number?
True
Let u = -130559 - -233226. Is u prime?
True
Let m = -20 + 19. Is 2640 + -2 + (m - 4) prime?
True
Suppose -22*u + 4*u = -17478. Suppose -5*t - h = 2*h + 905, 557 = -3*t + h. Let y = t + u. Is y prime?
True
Suppose -1806 = -10*k - 1776. Is (2/k)/(62/3804909) composite?
True
Let s = -3018 + 5635. Suppose -4668 = 6*r - 3*r. Let m = s + r. Is m a prime number?
True
Let h(z) = -109*z**3 - 40*z**2 - 173*z - 19. Is h(-9) a prime number?
False
Suppose 207 = -5*x + 28*x. Let a(q) = -q**3 + 14*q**2 + 10*q - 8. Is a(x) prime?
True
Let o(a) = a**2 - 15*a + 15. Let n be o(14). Let h be (-41)/(-5) - (16/(-20) + n). Suppose 0 = h*y - 12*y + 1508. Is y prime?
False
Let t = -5 + -5. Let h be -3 + 9 + t - (-1 - 4797). Is h/(12/4) + -1 a prime number?
True
Suppose 0 = 2*h - 57491 - 10245. Is 1/(((-24)/h)/(-6)) prime?
True
Let q(y) = 27045*y**3 - y**2 + 7*y - 40. Is q(3) a prime number?
True
Is (-40315716)/(-628) - (-19 + -1) a composite number?
False
Let o = 256497 - 156596. Is o a composite number?
False
Let i(b) = b**2 + 8*b - 13. Let u be i(-12). Let w be (-13)/((-1352)/16) + 776/26. Suppose w*x = u*x - 5135. Is x a composite number?
True
Let r = 312 + -297. Suppose 0 = r*l - 161267 - 9568. Is l a prime number?
False
Let p(s) = s**3 + 4*s**2 - 9*s. Let g be p(-6). Let c(a) = -12*a - 77. Is c(g) a composite number?
False
Let m = -237 + 504. Suppose 10*l - 18917 + m = 0. Is l a prime number?
False
Let d(n) = 70*n**2 - 46*n - 71. Is d(58) a prime number?
True
Let l(n) = -9*n**2 - 20*n - 16. Let g(a) = 15*a + 8. Let j(c) = c**2 - c. Let d(w) = -g(w) - 5*j(w). Let x(b) = -5*d(b) + 2*l(b). Is x(-11) a composite number?
True
Let m(l) = -18000*l - 49. Is m(-3) a prime number?
True
Let h = 3547 - 1748. Let z = -5 + 8. Suppose z*g = 2*g + h. Is g a composite number?
True
Let r = -10445 - -39447. Suppose -3*u - r = -37*u. Is u composite?
False
Let d be ((-4)/3)/((-44)/99). Suppose b - 20 = -d*b. Suppose -2*x = b*k - 4587, 2*k + k = 2*x + 2749. Is k a prime number?
False
Let y = -2220 + 3144. Suppose 309*n - 328*n + 57 = 0. Suppose 5*b + o = 2283, y = 2*b - 2*o - n*o. Is b composite?
False
Suppose 0*g - g + 10 = -4*n, 4 = -2*n. Suppose -21 = 5*j + 2*d, -3*j + g*d - 10 = 9. Is 201 + 1/(j - -6) composite?
True
Let o(r) = -1943*r**3 + 2*r**2 + 11*r - 22. Let q(i) = -3885*i**3 + 4*i**2 + 23*i - 43. Let s(m) = 5*o(m) - 3*q(m). Is s(2) composite?
True
Let r(y) = y**3 - 16*y**2 - 13*y + 5. Let s(u) = 2*u - 261. Let p be s(0). Let x 